 4555?
5, 911
What are the prime factors of 16275?
3, 5, 7, 31
List the prime factors of 1294.
2, 647
List the prime factors of 6629.
7, 947
List the prime factors of 131614.
2, 7, 17, 79
List the prime factors of 4911.
3, 1637
List the prime factors of 633.
3, 211
List the prime factors of 16827.
3, 71, 79
List the prime factors of 6019.
13, 463
List the prime factors of 71983.
71983
What are the prime factors of 13814?
2, 6907
List the prime factors of 1029.
3, 7
What are the prime factors of 19931?
19, 1049
What are the prime factors of 14078?
2, 7039
What are the prime factors of 933?
3, 311
List the prime factors of 204.
2, 3, 17
List the prime factors of 85224.
2, 3, 53, 67
What are the prime factors of 1771?
7, 11, 23
What are the prime factors of 1261?
13, 97
List the prime factors of 57927.
3, 19309
List the prime factors of 2664.
2, 3, 37
What are the prime factors of 106682?
2, 41, 1301
List the prime factors of 2448.
2, 3, 17
What are the prime factors of 4553?
29, 157
List the prime factors of 278.
2, 139
List the prime factors of 6672.
2, 3, 139
What are the prime factors of 406?
2, 7, 29
List the prime factors of 2157.
3, 719
What are the prime factors of 77053?
29, 2657
List the prime factors of 82.
2, 41
What are the prime factors of 121788?
2, 3, 17, 199
List the prime factors of 30116.
2, 7529
What are the prime factors of 855?
3, 5, 19
List the prime factors of 7014.
2, 3, 7, 167
What are the prime factors of 34955?
5, 6991
List the prime factors of 323.
17, 19
List the prime factors of 10986.
2, 3, 1831
List the prime factors of 16276.
2, 13, 313
What are the prime factors of 1052?
2, 263
List the prime factors of 168.
2, 3, 7
What are the prime factors of 10732?
2, 2683
What are the prime factors of 2407?
29, 83
List the prime factors of 2717.
11, 13, 19
List the prime factors of 1184.
2, 37
List the prime factors of 117053.
117053
What are the prime factors of 2672?
2, 167
What are the prime factors of 30786?
2, 3, 7, 733
What are the prime factors of 203?
7, 29
What are the prime factors of 20072?
2, 13, 193
List the prime factors of 1077.
3, 359
List the prime factors of 20717.
20717
What are the prime factors of 92?
2, 23
What are the prime factors of 17202?
2, 3, 47, 61
What are the prime factors of 53?
53
List the prime factors of 39085.
5, 7817
What are the prime factors of 2135?
5, 7, 61
What are the prime factors of 6295?
5, 1259
What are the prime factors of 193950?
2, 3, 5, 431
What are the prime factors of 1482?
2, 3, 13, 19
List the prime factors of 487.
487
What are the prime factors of 655?
5, 131
What are the prime factors of 2922?
2, 3, 487
List the prime factors of 79795.
5, 15959
What are the prime factors of 1890?
2, 3, 5, 7
What are the prime factors of 19359?
3, 239
List the prime factors of 151929.
3, 17, 331
List the prime factors of 1321.
1321
List the prime factors of 48736.
2, 1523
List the prime factors of 6496.
2, 7, 29
What are the prime factors of 54473?
19, 47, 61
List the prime factors of 28710.
2, 3, 5, 11, 29
List the prime factors of 4650.
2, 3, 5, 31
List the prime factors of 129177.
3, 31, 463
What are the prime factors of 2665?
5, 13, 41
What are the prime factors of 25075?
5, 17, 59
List the prime factors of 119476.
2, 7, 17, 251
What are the prime factors of 103768?
2, 7, 17, 109
What are the prime factors of 677?
677
List the prime factors of 3531.
3, 11, 107
What are the prime factors of 14745?
3, 5, 983
What are the prime factors of 11446?
2, 59, 97
List the prime factors of 19319.
19319
What are the prime factors of 7010?
2, 5, 701
What are the prime factors of 6187?
23, 269
List the prime factors of 7040.
2, 5, 11
What are the prime factors of 41568?
2, 3, 433
What are the prime factors of 1253?
7, 179
What are the prime factors of 5217?
3, 37, 47
What are the prime factors of 659?
659
List the prime factors of 48130.
2, 5, 4813
List the prime factors of 2863.
7, 409
What are the prime factors of 39113?
39113
What are the prime factors of 12026?
2, 7, 859
What are the prime factors of 593?
593
What are the prime factors of 93382?
2, 46691
What are the prime factors of 1125?
3, 5
What are the prime factors of 49138?
2, 79, 311
List the prime factors of 18250.
2, 5, 73
What are the prime factors of 146453?
137, 1069
List the prime factors of 777.
3, 7, 37
What are the prime factors of 8472?
2, 3, 353
List the prime factors of 116984.
2, 7, 2089
What are the prime factors of 9381?
3, 53, 59
What are the prime factors of 113209?
113209
List the prime factors of 60170.
2, 5, 11, 547
What are the prime factors of 4432?
2, 277
List the prime factors of 5575.
5, 223
List the prime factors of 25276.
2, 71, 89
List the prime factors of 7995.
3, 5, 13, 41
What are the prime factors of 34168?
2, 4271
List the prime factors of 2814.
2, 3, 7, 67
List the prime factors of 12282.
2, 3, 23, 89
List the prime factors of 4399.
53, 83
What are the prime factors of 661?
661
List the prime factors of 4992.
2, 3, 13
What are the prime factors of 44641?
44641
List the prime factors of 1220.
2, 5, 61
List the prime factors of 1008.
2, 3, 7
What are the prime factors of 721?
7, 103
What are the prime factors of 2930?
2, 5, 293
What are the prime factors of 1001?
7, 11, 13
List the prime factors of 18613.
7, 2659
What are the prime factors of 285?
3, 5, 19
What are the prime factors of 92271?
3, 30757
List the prime factors of 10922.
2, 43, 127
What are the prime factors of 3363?
3, 19, 59
What are the prime factors of 18090?
2, 3, 5, 67
List the prime factors of 23.
23
List the prime factors of 10925.
5, 19, 23
List the prime factors of 4347.
3, 7, 23
What are the prime factors of 660?
2, 3, 5, 11
What are the prime factors of 9467?
9467
What are the prime factors of 1328?
2, 83
What are the prime factors of 9654?
2, 3, 1609
List the prime factors of 15654.
2, 3, 2609
What are the prime factors of 2698?
2, 19, 71
What are the prime factors of 12149?
12149
List the prime factors of 1123.
1123
List the prime factors of 59625.
3, 5, 53
List the prime factors of 234.
2, 3, 13
What are the prime factors of 7502?
2, 11, 31
List the prime factors of 65.
5, 13
List the prime factors of 3405.
3, 5, 227
What are the prime factors of 986?
2, 17, 29
What are the prime factors of 63166?
2, 31583
List the prime factors of 4811.
17, 283
What are the prime factors of 1973?
1973
List the prime factors of 2917.
2917
What are the prime factors of 1781?
13, 137
What are the prime factors of 1146?
2, 3, 191
What are the prime factors of 43875?
3, 5, 13
What are the prime factors of 272?
2, 17
List the prime factors of 458.
2, 229
What are the prime factors of 63188?
2, 15797
What are the prime factors of 14062?
2, 79, 89
List the prime factors of 75415.
5, 15083
What are the prime factors of 1239?
3, 7, 59
What are the prime factors of 10739?
10739
What are the prime factors of 71600?
2, 5, 179
List the prime factors of 972.
2, 3
List the prime factors of 1138.
2, 569
What are the prime factors of 8409?
3, 2803
List the prime factors of 5607.
3, 7, 89
List the prime factors of 18503.
18503
List the prime factors of 939.
3, 313
What are the prime factors of 26520?
2, 3, 5, 13, 17
What are the prime factors of 539?
7, 11
List the prime factors of 51004.
2, 41, 311
What are the prime factors of 71?
71
What are the prime factors of 18052?
2, 4513
List the prime factors of 2557.
2557
What are the prime factors of 6785?
5, 23, 59
What are the prime factors of 127525?
5, 5101
What are the prime factors of 34385?
5, 13, 23
What are the prime factors of 1842?
2, 3, 307
What are the prime factors of 6293?
7, 29, 31
List the prime factors of 46645.
5, 19, 491
What are the prime factors of 10752?
2, 3, 7
What are the prime factors of 1036?
2, 7, 37
List the prime factors of 182426.
2, 53, 1721
List the prime factors of 66625.
5, 13, 41
List the prime factors of 3107.
13, 239
What are the prime factors of 1464?
2, 3, 61
List the prime factors of 2541.
3, 7, 11
List the prime factors of 4390.
2, 5, 439
List the prime factors of 49126.
2, 7, 11, 29
List the prime factors of 705.
3, 5, 47
List the prime factors of 2785.
5, 557
List the prime factors of 20862.
2, 3, 19, 61
List the prime factors of 69138.
2, 3, 23, 167
What are the pr